Let o be 28034/1926 - 8/(-18). Calculate the greatest common divisor of 795 and o.
15
Suppose -2*y + 6 = 4*x + 2, -x + 6 = 3*y. Suppose -y*d - 66 = -376. What is the highest common divisor of d and 62?
31
Let b = 6 - -2. Let s(l) = 4*l**2 + 2*l - 3. Let p be s(-4). Let f = 125 - p. Calculate the highest common divisor of f and b.
8
Let q be (-6 + 90/12)*(-10)/(-3). What is the highest common divisor of 40 and q?
5
Suppose 4*o - 446 - 566 = -4*c, -2*c + 2*o = -502. Calculate the highest common factor of 9 and c.
9
Suppose 15 = 6*w - 69. What is the greatest common factor of 2 and w?
2
Suppose 9*u + 1237 = 4387. What is the greatest common divisor of 28 and u?
14
Let a = -6 - -9. Suppose -284 = -5*t - 2*j, 0*j = t - a*j - 50. Suppose 0 = 3*p - 2 - 22. Calculate the greatest common divisor of t and p.
8
Let g = 33 - 19. Let q(o) = 2*o**2 - 10*o + 14. Let l be q(5). What is the greatest common divisor of l and g?
14
Let y = -179 - -185. Suppose -2*k = -3*k + 4*j + 20, 25 = k + j. Calculate the greatest common divisor of y and k.
6
Suppose 0*v = 4*n + v + 14, 4*v - 4 = -n. Let q be 1188/24 - 2/n. Calculate the greatest common divisor of 125 and q.
25
Suppose -2*j + 5 - 19 = -4*i, 0 = i - 2*j + 4. Suppose -79 = -4*b - h + i*h, 4*b - 3*h - 73 = 0. Calculate the greatest common divisor of 4 and b.
4
Suppose -j + 0*n - 5*n = -129, -n - 3 = 0. Calculate the greatest common factor of 768 and j.
48
Let q = 87 - 59. Let d be (1 - 5) + -10 + 62. Suppose -2*y = o - d, -4*y + y = 3*o - 135. Calculate the highest common factor of q and o.
14
Suppose -99*x = -90*x - 1755. Calculate the highest common factor of 5 and x.
5
Let j(i) = 2*i**2 + 7*i - 6. Let g be j(4). Let k = 503 - 494. Calculate the highest common factor of k and g.
9
Suppose 0 = 2*z - 5 + 9 - 50. Suppose 0 = 5*q - 56 - 59. Calculate the greatest common factor of z and q.
23
Let f(l) = -15*l + 6. Let b be f(-2). Let w(i) = 26*i**3 + 2*i**2 - 2*i + 1. Let n be w(1). Let t = n + -3. Calculate the greatest common divisor of b and t.
12
Suppose 0 = -9*a + 87 + 111. Suppose -l = 2*u - 6*u + 53, -2*u = 4*l - a. Calculate the greatest common factor of 13 and u.
13
Let j = 13 - 5. Suppose 4*s - 96 = 5*g, 3*s - 3*g - 72 = -0*s. What is the highest common divisor of s and j?
8
Suppose -3*u = -5*l + 1537, 0 = l - 5*u - 191 - 112. Let n = l + -188. Calculate the highest common factor of 24 and n.
24
Suppose 12 = 3*o - 0*z - 5*z, 2*z + 12 = 2*o. Suppose -2*w + 6 = x - o, -5*w + 15 = 0. Let t be 14/4*(-6)/(-21). What is the highest common divisor of x and t?
1
Suppose 5*r - 4*u = 150, 7*u = 3*r + 8*u - 90. Let n = -4 + 16. What is the highest common factor of n and r?
6
Suppose -15*q = -308 + 98. Suppose -3*a + 0*a = 0. Let s = 7 + a. What is the highest common divisor of q and s?
7
Let z(o) = -o**2 - 42*o - 133. Let f be z(-10). Suppose 25 = 5*x - 60. What is the highest common divisor of x and f?
17
Let j(b) be the third derivative of 3*b**5/20 - b**4/3 - 13*b**3/3 + 42*b**2. Let m be j(8). What is the greatest common divisor of 54 and m?
54
Let w(k) = -89*k + 28. Let j be w(0). Calculate the greatest common divisor of 896 and j.
28
Let g = 20 + -17. Suppose 2*s - 11 - 19 = -g*l, 3*s - 5*l - 26 = 0. What is the greatest common factor of 96 and s?
12
Let f be ((-60)/(-14))/((-5)/(-245)). Let y = 106 + -76. Calculate the highest common divisor of f and y.
30
Let t be (81 - 74) + (-7)/(-1). What is the greatest common divisor of 2982 and t?
14
Let f be 1160 + (-6)/(-10)*(-30)/(-18). What is the greatest common divisor of f and 27?
27
Let t = -99 - -122. What is the greatest common factor of 138 and t?
23
Suppose -4*u - 5*l + 268 = 0, 3*u - l + 5*l = 200. Suppose -5*a + a + u = 0. Suppose -4*h + a - 6 = 0. What is the greatest common divisor of h and 33?
3
Let w = -89 + 134. Let y = -29 + w. Calculate the highest common divisor of y and 16.
16
Let h = 1 - -4. Suppose 3*f = 5*m - 2*f, -f = 4*m + h. Let y be (1 - m)*(-33)/(-6). Calculate the greatest common factor of 44 and y.
11
Let o(p) = -107*p - 12. Let x be o(8). Let d be 1/(-6) + x/(-24). What is the highest common factor of d and 4?
4
Let g(i) = -i**3 - 11*i**2 + 13*i + 17. Let j be g(-12). Suppose f - j*f = -128. What is the greatest common divisor of f and 80?
16
Let g be 10 + -5 - 10 - -48. Calculate the greatest common divisor of 1075 and g.
43
Let l be 3*1/6*20. Let y = l + -13. Let o(w) = -2*w**3 - 5*w**2 - 3*w - 2. Let r be o(y). What is the highest common factor of 8 and r?
8
Let z be 12/84 - 2014/(-14). What is the highest common factor of z and 16?
16
Let y(r) = 7*r**3 - r**2 - 4. Let i(f) = f + 1. Let g be i(1). Let j be y(g). What is the highest common divisor of j and 6?
6
Suppose -21*z + 5*z = -2400. What is the greatest common factor of 750 and z?
150
Suppose -f = 4*q - 20, 8*f - 12*f + 3*q = -42. Calculate the greatest common divisor of f and 84.
12
Let b(v) = 3*v + 27. Let t(u) = 2*u**2 - 16*u + 10. Let c be t(8). Let o be b(c). Calculate the greatest common divisor of o and 228.
57
Let t be -2*(10/5)/(-1). Let u be (-3)/((-6)/4)*t. Calculate the greatest common factor of 28 and u.
4
Let m be (504/(-20))/(9/30). Let f = 92 + m. What is the highest common factor of 4 and f?
4
Let p be 140/(-245) + (-424)/(-7). What is the highest common factor of p and 1620?
60
Suppose 208 + 72 = 4*a. What is the greatest common factor of 14 and a?
14
Let l(d) = -d + 5. Let a be l(0). Let y = 228 - 173. What is the highest common divisor of a and y?
5
Suppose -138*f = 2*m - 133*f - 69, -4*f = -5*m + 222. Let q = 12 + -6. Calculate the greatest common divisor of m and q.
6
Let n = -163 + 268. Calculate the greatest common divisor of 21 and n.
21
Let c be (-132)/(-14) + (18/7)/(-6). Let h = c + -8. Let l(r) = -r**2 - 10*r + 1. Let z be l(-10). What is the highest common divisor of h and z?
1
Let u(y) be the second derivative of -y**3/6 + 11*y**2 - 4*y. Let c be u(-14). What is the highest common divisor of 48 and c?
12
Suppose 3*x + 2*s + 7 = 9, 0 = -4*x + s + 10. Suppose -w - 2*w + 15 = 0. Suppose -95 = -w*g + 15. What is the greatest common factor of g and x?
2
Suppose 2*q = -4*j - 132 - 88, -3*q + j = 323. Let o be q/63*(-7)/2. Calculate the greatest common divisor of o and 3.
3
Let h(z) be the first derivative of z**2/2 + 2*z + 6. Let m be h(1). What is the highest common factor of 12 and m?
3
Let a(l) = 2*l**2 + 6*l - 2. Let b be a(-7). Let z(h) = 47*h**3 - h**2 + h. Let o be z(1). Suppose -u = -o + 20. What is the highest common divisor of b and u?
27
Let s(o) = 93*o + 18. Let t be s(1). What is the highest common factor of 37 and t?
37
Suppose 8 = 2*h, 2*w - 4*h + 44 = -0*h. Let d = w + 21. Suppose -4*r = t - d*r - 27, 4*r + 68 = 4*t. Calculate the greatest common factor of 132 and t.
12
Let l(w) = 46*w - 17. Let r be l(14). Calculate the greatest common divisor of 57 and r.
57
Let w be ((-22)/(-4))/((-14)/16 + 1). Suppose 3*f - 115 = -4*l, 2*l + 13 = f - 3*l. Calculate the greatest common divisor of w and f.
11
Let x(p) = -p**3 - 5*p**2 + 5*p + 5. Let s be x(-6). Suppose 0 = -5*l + 875 + 225. Suppose -4*q + l = -0*q. Calculate the greatest common divisor of s and q.
11
Suppose 5 = -2*u + u, 20 = -4*m - 4*u. Suppose -5*r + 2*s + 62 = m, -2*s + 48 = 2*r + 3*s. Let x = -3 + 5. Calculate the greatest common factor of x and r.
2
Suppose 6*f - 60*f + 22572 = 0. What is the highest common divisor of f and 22?
22
Let m be 36/8*896/12. What is the greatest common divisor of m and 56?
56
Let t(w) = w**2 - 7*w + 4. Let u be t(7). Let b be 2/u*(-4 - -6). What is the greatest common factor of b and 9?
1
Let l = 20 - 15. Suppose 5*v - 25 = -l*g, -2 = v + 4*g - 4. Let k = 137 + -95. Calculate the highest common factor of v and k.
6
Suppose 14*p = 8*p + 18. Let o be (29/6 + 2/4)*p. Calculate the greatest common divisor of o and 8.
8
Let z be 2380/(-6)*(-63)/35. What is the highest common factor of 18 and z?
6
Let h be (1 - 2)/(1/(-5)). Let y be (-3)/1 - (-23 + 21). Let o = h - y. Calculate the highest common factor of 48 and o.
6
Let h be (62/8 - 6/8) + 1. Let z = -16 - -6. Let d = z + 14. What is the greatest common divisor of d and h?
4
Suppose -25 = 5*u, 3*b = 2*b + 2*u + 8. Let l be b/3 - (-50)/3. Let x be (-6)/8*l/(-12). What is the greatest common divisor of